{"id":701,"date":"2015-12-16T11:31:40","date_gmt":"2015-12-16T10:31:40","guid":{"rendered":"http:\/\/www.intransformation.hamburg\/?page_id=701"},"modified":"2016-02-10T14:18:30","modified_gmt":"2016-02-10T13:18:30","slug":"vera-marie-rodewald-gaming-in-der-bibliothek-medienkompetenzfoerderung-in-ausserschulischen-bildung-und-kultureinrichtungen","status":"publish","type":"page","link":"https:\/\/intransformation.hamburg\/index.php\/vera-marie-rodewald-gaming-in-der-bibliothek-medienkompetenzfoerderung-in-ausserschulischen-bildung-und-kultureinrichtungen\/","title":{"rendered":"Gaming in der Bibliothek? Medienkompetenzf\u00f6rderung in au\u00dferschulischen Bildung- und Kultureinrichtungen"},"content":{"rendered":"<h3>Von Vera Marie Rodewald<\/h3>\n<p>Digitale Medien geh\u00f6ren l\u00e4ngst zum Alltag von Kindern und Jugendlichen. F\u00fcr<a href=\"http:\/\/www.intransformation.hamburg\/wp-content\/uploads\/2015\/12\/Rodewald.jpg\" rel=\"attachment wp-att-914\"><img loading=\"lazy\" decoding=\"async\" class=\"alignright wp-image-914 \" src=\"http:\/\/www.intransformation.hamburg\/wp-content\/uploads\/2015\/12\/Rodewald-150x150.jpg\" alt=\"Rodewald\" width=\"160\" height=\"160\" \/><\/a> eine gelingende Teilnahme am gesellschaftlichen Leben ist es demnach umso wichtiger, mit digitalen Medien kompetent umgehen zu k\u00f6nnen. Auch au\u00dferschulische Bildungs- und Kultureinrichtungen wie \u00d6ffentliche Bibliotheken haben die Aufgabe, die Medienkompetenz von Heranwachsenden zu f\u00f6rdern. In diesem Workshop wird zun\u00e4chst verdeutlicht, was sich konkret hinter dem Begriff verbirgt und aufgezeigt, welche Dimensionen von Medienkompetenz in \u00d6ffentlichen Bibliotheken m\u00f6glich sind. An praktischen Beispielen wie der ComputerSpielSchule Hamburg und anwendungsbezogenen Methoden werden erste Ans\u00e4tze f\u00fcr die Umsetzung von Medienarbeit sogleich dargestellt und ausprobiert.<\/p>\n<p>Der Foliensatz zum Workshop steht <a href=\"http:\/\/www.intransformation.hamburg\/wp-content\/uploads\/2016\/02\/Foliensatz_Rodewald.pdf\">zum Download bereit.<\/a><\/p>\n<p><a href=\"http:\/\/www.intransformation.hamburg\/index.php\/programm\/\">Zur\u00fcck zum Programm<\/a><\/p>\n","protected":false},"excerpt":{"rendered":"<p>Von Vera Marie Rodewald Digitale Medien geh\u00f6ren l\u00e4ngst zum Alltag von Kindern und Jugendlichen. F\u00fcr eine gelingende Teilnahme am gesellschaftlichen Leben ist es demnach umso wichtiger, mit digitalen Medien kompetent umgehen zu k\u00f6nnen. Auch au\u00dferschulische Bildungs- und Kultureinrichtungen wie \u00d6ffentliche Bibliotheken haben die Aufgabe, die Medienkompetenz von Heranwachsenden zu f\u00f6rdern. In diesem Workshop wird zun\u00e4chst &#8230; <a class=\"read-more\" href=\"https:\/\/intransformation.hamburg\/index.php\/vera-marie-rodewald-gaming-in-der-bibliothek-medienkompetenzfoerderung-in-ausserschulischen-bildung-und-kultureinrichtungen\/\">weiterlesen<\/a><\/p>\n","protected":false},"author":3,"featured_media":0,"parent":0,"menu_order":0,"comment_status":"closed","ping_status":"closed","template":"","meta":{"ngg_post_thumbnail":0,"footnotes":"","_mc_calendar":[]},"_links":{"self":[{"href":"https:\/\/intransformation.hamburg\/index.php\/wp-json\/wp\/v2\/pages\/701"}],"collection":[{"href":"https:\/\/intransformation.hamburg\/index.php\/wp-json\/wp\/v2\/pages"}],"about":[{"href":"https:\/\/intransformation.hamburg\/index.php\/wp-json\/wp\/v2\/types\/page"}],"author":[{"embeddable":true,"href":"https:\/\/intransformation.hamburg\/index.php\/wp-json\/wp\/v2\/users\/3"}],"replies":[{"embeddable":true,"href":"https:\/\/intransformation.hamburg\/index.php\/wp-json\/wp\/v2\/comments?post=701"}],"version-history":[{"count":6,"href":"https:\/\/intransformation.hamburg\/index.php\/wp-json\/wp\/v2\/pages\/701\/revisions"}],"predecessor-version":[{"id":1060,"href":"https:\/\/intransformation.hamburg\/index.php\/wp-json\/wp\/v2\/pages\/701\/revisions\/1060"}],"wp:attachment":[{"href":"https:\/\/intransformation.hamburg\/index.php\/wp-json\/wp\/v2\/media?parent=701"}],"curies":[{"name":"wp","href":"https:\/\/api.w.org\/{rel}","templated":true}]}}