{"id":525,"date":"2015-12-09T14:47:51","date_gmt":"2015-12-09T13:47:51","guid":{"rendered":"http:\/\/www.intransformation.hamburg\/?page_id=525"},"modified":"2016-11-30T10:39:19","modified_gmt":"2016-11-30T09:39:19","slug":"ausstellung","status":"publish","type":"page","link":"https:\/\/intransformation.hamburg\/index.php\/ausstellung\/","title":{"rendered":"Ausstellung"},"content":{"rendered":"<h1>\u00bbiN\/trAns\/forMA7i0n\u00ab am 7. Juli 2016 er\u00f6ffnet<\/h1>\n<p><a href=\"http:\/\/www.intransformation.hamburg\/wp-content\/uploads\/2016\/07\/1.jpg\" target=\"_blank\"><img loading=\"lazy\" decoding=\"async\" class=\"alignleft wp-image-2276 size-thumbnail\" title=\"Prof. Dr. Gabriele Beger h\u00e4lt die Er\u00f6ffnungsrede (Direktorin Staats- und Universit\u00e4tsbibliothek Carl von Ossietzky, Beir\u00e4tin Department Information)\" src=\"http:\/\/www.intransformation.hamburg\/wp-content\/uploads\/2016\/07\/1-150x150.jpg\" alt=\"Prof. Dr. Gabriele Beger er\u00f6ffnet die Ausstellung\" width=\"150\" height=\"150\" \/><\/a><\/p>\n<p><a href=\"http:\/\/www.intransformation.hamburg\/wp-content\/uploads\/2016\/07\/DSC_1732_klein.jpg\" target=\"_blank\"><img loading=\"lazy\" decoding=\"async\" class=\"alignright wp-image-2285 size-thumbnail\" title=\"Luftballons in\/trans\/formation\" src=\"http:\/\/www.intransformation.hamburg\/wp-content\/uploads\/2016\/07\/DSC_1732_klein-150x150.jpg\" alt=\"Luftballons in\/trans\/formation\" width=\"150\" height=\"150\" \/><\/a>Nach monatelanger Planung und Vorbereitung fiebert eine Gruppe Studierender des Departments Information der Er\u00f6ffnung \u201eihrer\u201c Ausstellung durch Prof. Dr. Gabriele Beger, der Direktorin der Staats- und Universit\u00e4tsbibliothek Carl von Ossietzky und Beir\u00e4tin des Departments entgegen. W\u00e4hrenddessen sammeln sich immer mehr Besucherinnen und Besucher im zweiten Stock des Altbaus auf dem Kunst- und Mediencampus Hamburg. Christine Gl\u00e4ser, Professorin am Department Information und verantwortlich f\u00fcr die Jubil\u00e4umsveranstaltungen begr\u00fc\u00dft die G\u00e4ste und w\u00fcrdigt das au\u00dferordentliche Engagement der Studierenden. \u00a0In ihrer Er\u00f6ffnungsrede geht Beger auf die Bedeutung des Mottos der Ausstellung ein: &#8222;Die Zusammensetzung der Begriffe Information und Transformation zu in\/trans\/formation ist mehr als gelungen, weil es die Kompetenzen des bibliothekarischen Berufstandes treffend erl\u00e4utert: Wer, wenn nicht Bibliothkare und Bibliothekarinnen besitzt die ausgewiesene F\u00e4higkeit Informationen zu beschaffen, zu erschlie\u00dfen und nutzerorientiert zug\u00e4nglich zu machen? Durch die digitalen Technologien ist die Begleitung vom Rohstoff Information zur Publikation bis hin zur Lanzeitarchivierung eine der wesentlichen Aufgaben im Transformationsprozess, den Bibliotheken heute leisten. Die HAW hat sich diesen Bedarfen entsprechend aufgestellt und sorgt somit f\u00fcr zukunftsorientierten und hochmotivierten Nachwuchs in unseren Bibliotheken. Daf\u00fcr sei Ihr heute herzlich gedankt.&#8220; Beger betont, es sei immer noch Aufgabe der Bibliotheken Informationen aufzubereiten und zur Verf\u00fcgung zu stellen, aber selbstverst\u00e4ndlich analog und digital. Einige Aufgaben hebt Beger hervor, die Digitalisierung von Kulturgut, die Open Acess-Verlage von Bibliotheken mit deren Hilfe Wissenschaftler publizieren k\u00f6nnen und die Entwicklung der Suchmaschinentechnologie mit der die Informationen auffindbar sind. Bibliotheken m\u00fcssen heutzutage hybrid sein \u2013 genauso wie die Ausstellung.<\/p>\n<p><a href=\"http:\/\/www.intransformation.hamburg\/wp-content\/uploads\/2016\/07\/DSC_1777_klein.jpg\" target=\"_blank\"><img loading=\"lazy\" decoding=\"async\" class=\"alignleft wp-image-2287 size-thumbnail\" title=\"Prof. em. Birgit Dankert erkundet die &quot;historische Bibliothek&quot;\" src=\"http:\/\/www.intransformation.hamburg\/wp-content\/uploads\/2016\/07\/DSC_1777_klein-150x150.jpg\" alt=\"Prof. em. Birgit Dankert erkundet die &quot;historische Bibliothek&quot;\" width=\"150\" height=\"150\" \/><\/a><\/p>\n<p><a href=\"http:\/\/www.intransformation.hamburg\/wp-content\/uploads\/2016\/07\/DSC_1785_klein.jpg\" target=\"_blank\"><img loading=\"lazy\" decoding=\"async\" class=\"alignleft wp-image-2289 size-thumbnail\" title=\"Impression &quot;historische Bibliothek&quot;\" src=\"http:\/\/www.intransformation.hamburg\/wp-content\/uploads\/2016\/07\/DSC_1785_klein-150x150.jpg\" alt=\"Impression &quot;historische Bibliothek&quot;\" width=\"150\" height=\"150\" \/><\/a><\/p>\n<p><a href=\"http:\/\/www.intransformation.hamburg\/wp-content\/uploads\/2016\/07\/DSC_1782_klein.jpg\" target=\"_blank\"><img loading=\"lazy\" decoding=\"async\" class=\"alignleft wp-image-2288 size-thumbnail\" title=\"Impression &quot;historische Bibliothek&quot;\" src=\"http:\/\/www.intransformation.hamburg\/wp-content\/uploads\/2016\/07\/DSC_1782_klein-150x150.jpg\" alt=\"Impression &quot;historische Bibliothek&quot;\" width=\"150\" height=\"150\" \/><\/a><\/p>\n<p><a href=\"http:\/\/www.intransformation.hamburg\/wp-content\/uploads\/2016\/07\/DSC_1787_klein.jpg\" target=\"_blank\"><img loading=\"lazy\" decoding=\"async\" class=\"alignleft wp-image-2290 size-thumbnail\" title=\"Impression &quot;historische Bibliothek&quot;\" src=\"http:\/\/www.intransformation.hamburg\/wp-content\/uploads\/2016\/07\/DSC_1787_klein-150x150.jpg\" alt=\"Impression &quot;historische Bibliothek&quot;\" width=\"150\" height=\"150\" \/><\/a><\/p>\n<p>&nbsp;<\/p>\n<p>&nbsp;<\/p>\n<p>&nbsp;<\/p>\n<p>&nbsp;<\/p>\n<p>Zu Beginn der Ausstellung versetzt eine historisch nachempfundene Bibliothek die Besucherinnen und Besucher in die Vergangenheit. Entlang eines Zeitstrahls k\u00f6nnen sie die Entwicklungsgeschichte der bibliothekarischen Ausbildung Revue passieren lassen. In den verschiedenen Themenr\u00e4umen erleben sie aktuelle Projekte, Praxispartner und internationale Kooperationen \u2013 verschiedene Spiele und ein G\u00e4stebuch laden zur Partizipation ein. Der Zeitstrahl f\u00fchrt in der Gegenwart auf das virtuelle Pendant der analogen Ausstellung zu, das auf einem ActivBoard pr\u00e4sentiert wird. Schon w\u00e4hrend der Ausstellung laden zahlreiche QR-Codes ein, weitere digitale Inhalte zu entdecken. Am Ende der Ausstellung findet sich eine moderne Bibliothek mit B\u00fcchern und Neuen Medien, die Treffpunkt und Lernort ist.<\/p>\n<p><a href=\"http:\/\/www.intransformation.hamburg\/wp-content\/uploads\/2016\/07\/3.jpg\" target=\"_blank\"><img loading=\"lazy\" decoding=\"async\" class=\"alignleft wp-image-2278 size-thumbnail\" title=\"Zeitstrahl\" src=\"http:\/\/www.intransformation.hamburg\/wp-content\/uploads\/2016\/07\/3-150x150.jpg\" alt=\"Zeitstrahl\" width=\"150\" height=\"150\" \/><\/a> <a href=\"http:\/\/www.intransformation.hamburg\/wp-content\/uploads\/2016\/07\/7.jpg\" target=\"_blank\"><img loading=\"lazy\" decoding=\"async\" class=\"alignleft wp-image-2282 size-thumbnail\" title=\"Themenraum Studium und Praxis, Spiele laden zum Mitmachen ein\" src=\"http:\/\/www.intransformation.hamburg\/wp-content\/uploads\/2016\/07\/7-150x150.jpg\" alt=\"Themenraum Studium und Praxis\" width=\"150\" height=\"150\" \/><\/a> <a href=\"http:\/\/www.intransformation.hamburg\/wp-content\/uploads\/2016\/07\/4.jpg\" target=\"_blank\"><img loading=\"lazy\" decoding=\"async\" class=\"alignleft wp-image-2279 size-thumbnail\" title=\"QR-Codes verweisen auf die virtuelle Ausstellung\" src=\"http:\/\/www.intransformation.hamburg\/wp-content\/uploads\/2016\/07\/4-150x150.jpg\" alt=\"QR-Codes verweisen auf die virtuelle Ausstellung\" width=\"150\" height=\"150\" \/><\/a> <a href=\"http:\/\/www.intransformation.hamburg\/wp-content\/uploads\/2016\/07\/6.jpg\" target=\"_blank\"><img loading=\"lazy\" decoding=\"async\" class=\"alignleft wp-image-2281 size-thumbnail\" title=\"Themenraum &quot;moderne Bibliothek&quot;\" src=\"http:\/\/www.intransformation.hamburg\/wp-content\/uploads\/2016\/07\/6-150x150.jpg\" alt=\"Themenraum &quot;moderne Bibliothek&quot;\" width=\"150\" height=\"150\" \/><\/a><\/p>\n<p>&nbsp;<\/p>\n<p>&nbsp;<\/p>\n<p>&nbsp;<\/p>\n<p>&nbsp;<\/p>\n<p>Die Ausstellung \u00bbin\/trans\/formation \u00ab ist, neben der Fachtagung \u00bbMove and Make\u00ab und der Ringvorlesung \u00bbNeues Lesen\u00ab, das dritte gro\u00dfe Highlight im Jubil\u00e4umsjahr 2016. Sie zeigt die entscheidenden Ereignisse der letzten 70 Jahre, die die bibliothekarische Ausbildung in Hamburg gepr\u00e4gt haben. Wer die analoge Ausstellung verpasst hat, ist herzlich eingeladen die <a href=\"http:\/\/www.intransformation.hamburg\/movio\/movio\/\">virtuelle Ausstellung<\/a> zu erkunden. Viel Spa\u00df dabei!<a href=\"http:\/\/www.intransformation.hamburg\/wp-content\/uploads\/2016\/07\/8.jpg\" target=\"_blank\"><img loading=\"lazy\" decoding=\"async\" class=\"aligncenter wp-image-2283 size-thumbnail\" title=\"Sektempfang nach der Ausstellungser\u00f6ffnung\" src=\"http:\/\/www.intransformation.hamburg\/wp-content\/uploads\/2016\/07\/8-150x150.jpg\" alt=\"Sektempfang nach der Ausstellungser\u00f6ffnung\" width=\"150\" height=\"150\" \/><\/a>Noch mehr Fotos von der Ausstellungser\u00f6ffnung sind in der <a href=\"http:\/\/www.intransformation.hamburg\/index.php\/galerie\/nggallery\/ausstellung\/ausstellung\">Galerie<\/a> zu finden.<\/p>\n<p><a href=\"http:\/\/www.intransformation.hamburg\/index.php\/veranstaltungen\/\">Zur\u00fcck zur Veranstaltungs\u00fcbersicht<\/a><\/p>\n","protected":false},"excerpt":{"rendered":"<p>\u00bbiN\/trAns\/forMA7i0n\u00ab am 7. Juli 2016 er\u00f6ffnet Nach monatelanger Planung und Vorbereitung fiebert eine Gruppe Studierender des Departments Information der Er\u00f6ffnung \u201eihrer\u201c Ausstellung durch Prof. Dr. Gabriele Beger, der Direktorin der Staats- und Universit\u00e4tsbibliothek Carl von Ossietzky und Beir\u00e4tin des Departments entgegen. W\u00e4hrenddessen sammeln sich immer mehr Besucherinnen und Besucher im zweiten Stock des Altbaus auf &#8230; <a class=\"read-more\" href=\"https:\/\/intransformation.hamburg\/index.php\/ausstellung\/\">weiterlesen<\/a><\/p>\n","protected":false},"author":3,"featured_media":0,"parent":0,"menu_order":0,"comment_status":"closed","ping_status":"closed","template":"","meta":{"ngg_post_thumbnail":0,"footnotes":"","_mc_calendar":[]},"_links":{"self":[{"href":"https:\/\/intransformation.hamburg\/index.php\/wp-json\/wp\/v2\/pages\/525"}],"collection":[{"href":"https:\/\/intransformation.hamburg\/index.php\/wp-json\/wp\/v2\/pages"}],"about":[{"href":"https:\/\/intransformation.hamburg\/index.php\/wp-json\/wp\/v2\/types\/page"}],"author":[{"embeddable":true,"href":"https:\/\/intransformation.hamburg\/index.php\/wp-json\/wp\/v2\/users\/3"}],"replies":[{"embeddable":true,"href":"https:\/\/intransformation.hamburg\/index.php\/wp-json\/wp\/v2\/comments?post=525"}],"version-history":[{"count":45,"href":"https:\/\/intransformation.hamburg\/index.php\/wp-json\/wp\/v2\/pages\/525\/revisions"}],"predecessor-version":[{"id":2816,"href":"https:\/\/intransformation.hamburg\/index.php\/wp-json\/wp\/v2\/pages\/525\/revisions\/2816"}],"wp:attachment":[{"href":"https:\/\/intransformation.hamburg\/index.php\/wp-json\/wp\/v2\/media?parent=525"}],"curies":[{"name":"wp","href":"https:\/\/api.w.org\/{rel}","templated":true}]}}